{"id":54,"date":"2025-12-13T14:34:43","date_gmt":"2025-12-13T14:34:43","guid":{"rendered":"http:\/\/cinestc.cluster121.hosting.ovh.net\/?page_id=54"},"modified":"2026-01-20T09:09:48","modified_gmt":"2026-01-20T09:09:48","slug":"a-propos","status":"publish","type":"page","link":"https:\/\/www.cinestesia-film.com\/index.php\/a-propos\/","title":{"rendered":"A Propos"},"content":{"rendered":"\t\t<div data-elementor-type=\"wp-page\" data-elementor-id=\"54\" class=\"elementor elementor-54\">\n\t\t\t\t<div class=\"elementor-element elementor-element-1cfc660 e-flex e-con-boxed e-con e-parent\" data-id=\"1cfc660\" data-element_type=\"container\">\n\t\t\t\t\t<div class=\"e-con-inner\">\n\t\t\t\t<div class=\"elementor-element elementor-element-48ec0d1 elementor-widget elementor-widget-heading\" data-id=\"48ec0d1\" data-element_type=\"widget\" data-widget_type=\"heading.default\">\n\t\t\t\t\t<h2 class=\"elementor-heading-title elementor-size-default\">\u00c0 propos <\/h2>\t\t\t\t<\/div>\n\t\t\t\t\t<\/div>\n\t\t\t\t<\/div>\n\t\t<div class=\"elementor-element elementor-element-152fe78 e-flex e-con-boxed e-con e-parent\" data-id=\"152fe78\" data-element_type=\"container\">\n\t\t\t\t\t<div class=\"e-con-inner\">\n\t\t\t\t<div class=\"elementor-element elementor-element-367e5c2 elementor-widget elementor-widget-image\" data-id=\"367e5c2\" data-element_type=\"widget\" data-widget_type=\"image.default\">\n\t\t\t\t\t\t\t\t\t\t\t\t\t\t\t<img fetchpriority=\"high\" decoding=\"async\" width=\"768\" height=\"355\" src=\"https:\/\/www.cinestesia-film.com\/wp-content\/uploads\/2026\/01\/Capture-decran-2026-01-18-a-11.06.00-768x355.png\" class=\"attachment-medium_large size-medium_large wp-image-267\" alt=\"\" srcset=\"https:\/\/www.cinestesia-film.com\/wp-content\/uploads\/2026\/01\/Capture-decran-2026-01-18-a-11.06.00-768x355.png 768w, https:\/\/www.cinestesia-film.com\/wp-content\/uploads\/2026\/01\/Capture-decran-2026-01-18-a-11.06.00-300x139.png 300w, https:\/\/www.cinestesia-film.com\/wp-content\/uploads\/2026\/01\/Capture-decran-2026-01-18-a-11.06.00-1024x474.png 1024w, https:\/\/www.cinestesia-film.com\/wp-content\/uploads\/2026\/01\/Capture-decran-2026-01-18-a-11.06.00-1536x711.png 1536w, https:\/\/www.cinestesia-film.com\/wp-content\/uploads\/2026\/01\/Capture-decran-2026-01-18-a-11.06.00.png 1552w\" sizes=\"(max-width: 768px) 100vw, 768px\" \/>\t\t\t\t\t\t\t\t\t\t\t\t\t\t\t<\/div>\n\t\t\t\t<div class=\"elementor-element elementor-element-b8468ef elementor-widget elementor-widget-text-editor\" data-id=\"b8468ef\" data-element_type=\"widget\" data-widget_type=\"text-editor.default\">\n\t\t\t\t\t\t\t\t\t<p data-start=\"538\" data-end=\"943\">L\u2019aventure commence en <strong data-start=\"561\" data-end=\"569\">2016<\/strong> avec un premier projet : <strong data-start=\"605\" data-end=\"622\">Xtreme Access<\/strong>, un documentaire consacr\u00e9 au handicap et au sport.<br data-start=\"673\" data-end=\"676\" \/>Ce film suit le parcours de <strong data-start=\"704\" data-end=\"723\">J\u00e9r\u00f4me Elbrycht<\/strong>, sportif st\u00e9phanois, lors de sa participation aux <strong data-start=\"774\" data-end=\"803\">X Games en mono ski cross<\/strong>. Plus qu\u2019une performance sportive, ce projet met en lumi\u00e8re la d\u00e9termination, le d\u00e9passement de soi et la force mentale face aux obstacles.<\/p><p data-start=\"945\" data-end=\"1292\">Ce premier documentaire marque un d\u00e9clic.<br data-start=\"986\" data-end=\"989\" \/>Il ouvre la voie \u00e0 une s\u00e9rie de <strong data-start=\"1021\" data-end=\"1071\">projets photo et vid\u00e9o dans l\u2019univers du sport<\/strong>, o\u00f9 l\u2019intensit\u00e9, l\u2019effort et l\u2019\u00e9motion deviennent des mati\u00e8res premi\u00e8res de cr\u00e9ation.<\/p><p data-start=\"1294\" data-end=\"1566\">Cr\u00e9er des images, c\u2019est un peu comme go\u00fbter un <strong data-start=\"1341\" data-end=\"1364\">fruit de la passion<\/strong> pour la premi\u00e8re fois.<br data-start=\"1387\" data-end=\"1390\" \/>Au d\u00e9but, on d\u00e9couvre une saveur. Puis une autre. Et tr\u00e8s vite, on y revient. Encore.<br data-start=\"1486\" data-end=\"1489\" \/>Ce qui n\u2019\u00e9tait qu\u2019une curiosit\u00e9 devient une \u00e9vidence.<\/p><p data-start=\"1568\" data-end=\"1794\">Aujourd\u2019hui, Cinestesia Film continue de cultiver cette passion : des projets de courts m\u00e9trages et des r\u00e9cits qui laissent une trace durable.<\/p><p data-start=\"1568\" data-end=\"1794\">Parce qu\u2019une bonne histoire ne se regarde pas seulement \u2014 <strong data-start=\"1778\" data-end=\"1793\">elle se vit<\/strong>.<\/p>\t\t\t\t\t\t\t\t<\/div>\n\t\t\t\t\t<\/div>\n\t\t\t\t<\/div>\n\t\t\t\t<\/div>\n\t\t","protected":false},"excerpt":{"rendered":"<p>\u00c0 propos L\u2019aventure commence en 2016 avec un premier projet : Xtreme Access, un documentaire consacr\u00e9 au handicap et au sport.Ce film suit le parcours de J\u00e9r\u00f4me Elbrycht, sportif st\u00e9phanois, lors de sa participation aux X Games en mono ski cross. Plus qu\u2019une performance sportive, ce projet met en lumi\u00e8re la d\u00e9termination, le d\u00e9passement de [&hellip;]<\/p>\n","protected":false},"author":1,"featured_media":0,"parent":0,"menu_order":0,"comment_status":"closed","ping_status":"closed","template":"elementor_theme","meta":{"footnotes":""},"class_list":["post-54","page","type-page","status-publish","hentry"],"_links":{"self":[{"href":"https:\/\/www.cinestesia-film.com\/index.php\/wp-json\/wp\/v2\/pages\/54","targetHints":{"allow":["GET"]}}],"collection":[{"href":"https:\/\/www.cinestesia-film.com\/index.php\/wp-json\/wp\/v2\/pages"}],"about":[{"href":"https:\/\/www.cinestesia-film.com\/index.php\/wp-json\/wp\/v2\/types\/page"}],"author":[{"embeddable":true,"href":"https:\/\/www.cinestesia-film.com\/index.php\/wp-json\/wp\/v2\/users\/1"}],"replies":[{"embeddable":true,"href":"https:\/\/www.cinestesia-film.com\/index.php\/wp-json\/wp\/v2\/comments?post=54"}],"version-history":[{"count":26,"href":"https:\/\/www.cinestesia-film.com\/index.php\/wp-json\/wp\/v2\/pages\/54\/revisions"}],"predecessor-version":[{"id":290,"href":"https:\/\/www.cinestesia-film.com\/index.php\/wp-json\/wp\/v2\/pages\/54\/revisions\/290"}],"wp:attachment":[{"href":"https:\/\/www.cinestesia-film.com\/index.php\/wp-json\/wp\/v2\/media?parent=54"}],"curies":[{"name":"wp","href":"https:\/\/api.w.org\/{rel}","templated":true}]}}